{"id":31,"date":"2015-03-05T20:15:12","date_gmt":"2015-03-05T19:15:12","guid":{"rendered":"http:\/\/www.keramikecke-hornburg.de\/?page_id=31"},"modified":"2022-09-24T19:08:57","modified_gmt":"2022-09-24T17:08:57","slug":"portrait","status":"publish","type":"page","link":"https:\/\/www.keramikecke-hornburg.de\/?page_id=31","title":{"rendered":"Portrait"},"content":{"rendered":"<p><em><strong>Susann Broistedt &#8211; Keramische Unikate<\/strong><\/em><\/p>\n<h2><a href=\"https:\/\/www.keramikecke-hornburg.de\/wp-content\/uploads\/2022\/09\/WhatsApp-Image-2022-09-18-at-19.37.24-1.jpeg\"><img loading=\"lazy\" class=\" wp-image-521 alignleft\" src=\"https:\/\/www.keramikecke-hornburg.de\/wp-content\/uploads\/2022\/09\/WhatsApp-Image-2022-09-18-at-19.37.24-1-216x300.jpeg\" alt=\"\" width=\"243\" height=\"338\" \/><\/a><\/h2>\n<p>Seit mehr als 30ig Jahren arbeite ich mit viel Leidenschaft und Sorgfalt als Kunstschaffende im keramischen Handwerk.<br \/>\nEin ausgepr\u00e4gtes Formempfinden und die Lust am fig\u00fcrlichen Arbeiten pr\u00e4gt meine authentische und unverwechselbare Handschrift.<br \/>\nEs entstehen Hornburger Originale in einer gro\u00dfen Vielseitigkeit in Aufbautechnik. Keramiksammler und Freunde des Tonbildhauerhandwerks finden Feines zum verschenken und Extras f\u00fcrs eigene Gl\u00fccksgef\u00fchl in der gro\u00dfen Ausstellungsgalerie am Ortseingang der historischen Fachwerkstatt von Hornburg.<\/p>\n<p>K\u00fcnstlermerkmal\/Signatur an meinen keramischen Arbeiten.<\/p>\n<p>#Tatze in Ton, Pfotenabdruck in Keramik, Tatzenkeramik, Tatzeinkeramik, Tatzeintongestempelt<\/p>\n<p><a href=\"https:\/\/www.keramikecke-hornburg.de\/wp-content\/uploads\/2022\/09\/WhatsApp-Image-2022-09-18-at-19.34.18.jpeg\"><img loading=\"lazy\" class=\"wp-image-519 alignright\" src=\"https:\/\/www.keramikecke-hornburg.de\/wp-content\/uploads\/2022\/09\/WhatsApp-Image-2022-09-18-at-19.34.18-300x300.jpeg\" alt=\"\" width=\"225\" height=\"225\" \/><\/a><\/p>\n<p class=\"galerie\">\n","protected":false},"excerpt":{"rendered":"<p>Susann Broistedt &#8211; Keramische Unikate Seit mehr als 30ig Jahren arbeite ich mit viel Leidenschaft und Sorgfalt als Kunstschaffende im keramischen Handwerk. Ein ausgepr\u00e4gtes Formempfinden und die Lust am fig\u00fcrlichen Arbeiten pr\u00e4gt meine authentische und unverwechselbare Handschrift. Es entstehen Hornburger Originale in einer gro\u00dfen Vielseitigkeit in Aufbautechnik. Keramiksammler und Freunde des Tonbildhauerhandwerks finden Feines zum [&hellip;]<\/p>\n","protected":false},"author":1,"featured_media":0,"parent":0,"menu_order":0,"comment_status":"closed","ping_status":"closed","template":"","meta":[],"_links":{"self":[{"href":"https:\/\/www.keramikecke-hornburg.de\/index.php?rest_route=\/wp\/v2\/pages\/31"}],"collection":[{"href":"https:\/\/www.keramikecke-hornburg.de\/index.php?rest_route=\/wp\/v2\/pages"}],"about":[{"href":"https:\/\/www.keramikecke-hornburg.de\/index.php?rest_route=\/wp\/v2\/types\/page"}],"author":[{"embeddable":true,"href":"https:\/\/www.keramikecke-hornburg.de\/index.php?rest_route=\/wp\/v2\/users\/1"}],"replies":[{"embeddable":true,"href":"https:\/\/www.keramikecke-hornburg.de\/index.php?rest_route=%2Fwp%2Fv2%2Fcomments&post=31"}],"version-history":[{"count":12,"href":"https:\/\/www.keramikecke-hornburg.de\/index.php?rest_route=\/wp\/v2\/pages\/31\/revisions"}],"predecessor-version":[{"id":529,"href":"https:\/\/www.keramikecke-hornburg.de\/index.php?rest_route=\/wp\/v2\/pages\/31\/revisions\/529"}],"wp:attachment":[{"href":"https:\/\/www.keramikecke-hornburg.de\/index.php?rest_route=%2Fwp%2Fv2%2Fmedia&parent=31"}],"curies":[{"name":"wp","href":"https:\/\/api.w.org\/{rel}","templated":true}]}}