{"id":35,"date":"2015-03-05T20:15:55","date_gmt":"2015-03-05T19:15:55","guid":{"rendered":"http:\/\/www.keramikecke-hornburg.de\/?page_id=35"},"modified":"2026-02-09T22:17:59","modified_gmt":"2026-02-09T21:17:59","slug":"veranstaltungen","status":"publish","type":"page","link":"https:\/\/www.keramikecke-hornburg.de\/?page_id=35","title":{"rendered":"Veranstaltungen"},"content":{"rendered":"\n<p><\/p>\n\n\n\n<p><\/p>\n\n\n\n<p><\/p>\n\n\n\n<p><\/p>\n\n\n\n<h4 class=\"has-text-align-left has-white-color has-text-color\" style=\"font-size:28px\">21. Tag der offenen T\u00f6pferei am 14. und 15. M\u00e4rz 2026<\/h4>\n\n\n\n<figure class=\"wp-block-image size-full is-resized\"><a href=\"https:\/\/www.keramikecke-hornburg.de\/wp-content\/uploads\/2025\/11\/Briefwerbung-2026-800x819-1.jpg\"><img loading=\"lazy\" src=\"https:\/\/www.keramikecke-hornburg.de\/wp-content\/uploads\/2025\/11\/Briefwerbung-2026-800x819-1.jpg\" alt=\"\" class=\"wp-image-619\" width=\"327\" height=\"335\"\/><\/a><\/figure>\n\n\n\n<p class=\"has-text-color has-large-font-size\" style=\"color:#1f845f\"><\/p>\n\n\n\n<p class=\"has-medium-font-size\"><strong>In Schale geworfen die Dritte \u2013 so toll, so vielf\u00e4ltig<\/strong><\/p>\n\n\n\n<p><\/p>\n\n\n\n<p class=\"has-medium-font-size\"><strong>Aktionswochenende im M\u00e4rz macht Lust auf Keramik<br><br><\/strong>Jedes Jahr am zweiten M\u00e4rzwochenende k\u00f6nnen Interessierte in ihrer Region, ihrem Bundesland oder deutschlandweit auf eine keramische Entdeckungsreise gehen. Von Nord bis S\u00fcd, von Ost bis West \u00f6ffnen um die 500 T\u00f6pfer:innen und Keramiker:innen zeitgleich die T\u00fcren ihrer Werkst\u00e4tten und Ateliers. An beiden Tagen sind Besucher:innen herzlich willkommen, eines der \u00e4ltesten Handwerke der Menschheit kennenzulernen, das brandaktuell und \u00fcberraschend modern ist. Sie sind eingeladen, sich von der Wertigkeit, der Nachhaltigkeit und nicht zuletzt von der Sch\u00f6nheit handgearbeiteter Keramik \u00fcberzeugen und begeistern zu lassen. Ob traditionell gedrehte M\u00fcslischale, stylisch designter Coffee-to-go-Becher, edel gefertigter Schmuck, fantasievoll gebaute Gartenstele oder experimentell modellierte Skulptur: Handgearbeitete Keramik liegt im Trend. Immer mehr Menschen entdecken ihre Liebe zur Keramik, bereichern und genie\u00dfen ihren Alltag mit individuellen handgefertigten keramischen Produkten und freuen sich t\u00e4glich \u00fcber ihre t\u00f6nernen Lebensbegleiter und Sch\u00e4tze.<\/p>\n\n\n\n<p><\/p>\n\n\n\n<p>Viele der teilnehmenden T\u00f6pfer:innen und Keramiker:innen haben sich nach dem gro\u00dfen Anklang in 2024 zum dritten Mal \u201ein Schale geworfen\u201c und jeweils eigens f\u00fcr die Aktion eine Schale designt: Ein ganz besonderes Sammlerst\u00fcck! So einzigartig wie die Teilnehmer:innen sind, so vielf\u00e4ltig ist das Ergebnis der \u201eSchalenaktion 2026\u201c. Entstanden sind die unterschiedlichsten Schalen: gedrehte und gebaute Schalen, Schalen aus Steinzeug und Porzellan, schlichte und opulente Schalen, einfarbige und mehrfarbige Schalen, Schalen zum Essen, zum Aufbewahren oder einfach zum Anschauen, Genie\u00dfen \u2013 und Sammeln! Der Fantasie waren keine Grenzen gesetzt. Die Schalen dieser \u201eSondereditionen\u201c zeigen beispielhaft, wie vielf\u00e4ltig und zugleich einzigartig handgearbeitete Keramik heute ist.<\/p>\n\n\n\n<p>2006 fand der erste \u201eTag der offenen T\u00f6pferei\u201c in NRW, Sachsen und Th\u00fcringen statt. In 2026 sind nahezu alle Bundesl\u00e4nder vertreten. Der \u201eTag der offenen T\u00f6pferei\u201c wird ehrenamtlich, u.a. von Innungen und Verb\u00e4nden, organisiert. Die Teilnehmer:innen arbeiten hauptberuflich als T\u00f6pfer:innen, Keramiker:innen, Designer:innen oder K\u00fcnstler:innen. F\u00fcr viele Bundesl\u00e4nder liegt ein informativer Faltflyer zum 21. \u201eTag der offenen T\u00f6pferei\u201c 2026 vor. Er enth\u00e4lt die Adressen und Kontaktdaten aller Teilnehmer:innen sowie deren Programme. Anhand einer \u00fcbersichtlichen Karte k\u00f6nnen Interessierte sich ihre ganz pers\u00f6nliche \u201eKeramikroute\u201c zusammenstellen und somit mehrere Werkst\u00e4tten und Ateliers gezielt kennenlernen. Die Faltflyer liegen schon jetzt bei den Teilnehmer:innen und in einigen Keramikmuseen zur kostenfreien Mitnahme aus oder unter <a href=\"http:\/\/www.tag-der-offenen-toepferei.de\/\">www.tag-der-offenen-toepferei.de<\/a> zum Download bereit. <\/p>\n\n\n\n<p><strong>Wer zum Auftakt in das Keramikjahr am 14. und am 15. M\u00e4rz 2026 auf \u201eKeramiktour\u201c gehen will, informiert sich bitte unter: www.tag-der-offenen-toepferei.de Die Seite gibt Auskunft \u00fcber die Angebote der Teilnehmer:innen, die Standorte ihrer Werkst\u00e4tten und Ateliers, und wer von ihnen an der \u201eSchalenaktion 2026\u201c teilnimmt. Weitere Informationen zum 21. \u201eTag der offenen T\u00f6pferei\u201c auch auf Facebook.<\/strong>&nbsp;&nbsp;&nbsp;&nbsp;&nbsp;<\/p>\n\n\n\n<figure class=\"wp-block-image size-large is-resized\"><img loading=\"lazy\" src=\"https:\/\/www.keramikecke-hornburg.de\/wp-content\/uploads\/2026\/02\/WhatsApp-Image-2026-01-30-at-16.06.44-768x1024.jpeg\" alt=\"\" class=\"wp-image-664\" width=\"444\" height=\"591\"\/><\/figure>\n\n\n\n<h2>Tag der offenen Pforte 2026 &#8211; G\u00e4rten in und um Braunschweig<\/h2>\n\n\n\n<p class=\"has-medium-font-size\"><strong>05.07.2026 14-18 Uhr<\/strong><\/p>\n\n\n\n<p class=\"has-normal-font-size\"><br>Unser Vogel- und Insektenfreundlicher Garten l\u00e4dt auf 1700qm zum entdecken und verweilen ein.<br>Eine besondere Leidenschaft gilt den Geh\u00f6lzen: Seltene Arten sind mit kleinen Schildchen beschriftet und machen den Garten auch f\u00fcr Interessierte informativ erlebbar.<br>Inmitten bl\u00fchender Pflanzen finden sich gem\u00fctliche Sitzpl\u00e4tze und stille Ecken. Der rund drei\u00dfigj\u00e4hrige Hausbaum, eine imposante Catalpa, \u00fcberspannt in voller Bl\u00fcte den Garten. Hinter dem Grundst\u00fcck er\u00f6ffnet sich der Blick zum Brocken. Erg\u00e4nzt wird das Gartenerlebnis durch meine Keramikgalerie deren Ausstellung f\u00fcr Besucher ge\u00f6ffnet ist.<\/p>\n\n\n\n<p><\/p>\n\n\n\n<p><\/p>\n\n\n\n<p><\/p>\n\n\n\n<p class=\"has-large-font-size\"><strong>Im Advent<\/strong>&#8230;<\/p>\n\n\n\n<div class=\"wp-block-cover has-background-dim\"><img loading=\"lazy\" width=\"768\" height=\"1024\" class=\"wp-block-cover__image-background wp-image-623\" alt=\"\" src=\"https:\/\/www.keramikecke-hornburg.de\/wp-content\/uploads\/2025\/11\/IMG_2749-768x1024.jpeg\" data-object-fit=\"cover\"\/><div class=\"wp-block-cover__inner-container\">\n<p><\/p>\n\n\n\n<p><\/p>\n\n\n\n<p><\/p>\n\n\n\n<p class=\"has-luminous-vivid-amber-color has-text-color has-medium-font-size\">Herzlich willkommen zum Adventszauber <\/p>\n\n\n\n<p class=\"has-luminous-vivid-amber-color has-text-color has-medium-font-size\">in der Galerie, stimmungsvolles St\u00f6bern, <\/p>\n\n\n\n<p class=\"has-luminous-vivid-amber-color has-text-color has-medium-font-size\">dazu warme Getr\u00e4nke und Geb\u00e4ck.<\/p>\n\n\n\n<p class=\"has-medium-font-size\">Ge\u00f6ffnet nach Absprache.<\/p>\n<\/div><\/div>\n\n\n\n<p><\/p>\n\n\n\n<p><\/p>\n\n\n\n<p><em><strong><br><\/strong><\/em><\/p>\n\n\n\n<h4>&nbsp;<\/h4>\n\n\n\n<h4>&nbsp;<\/h4>\n","protected":false},"excerpt":{"rendered":"<p>21. Tag der offenen T\u00f6pferei am 14. und 15. M\u00e4rz 2026 In Schale geworfen die Dritte \u2013 so toll, so vielf\u00e4ltig Aktionswochenende im M\u00e4rz macht Lust auf Keramik Jedes Jahr am zweiten M\u00e4rzwochenende k\u00f6nnen Interessierte in ihrer Region, ihrem Bundesland oder deutschlandweit auf eine keramische Entdeckungsreise gehen. Von Nord bis S\u00fcd, von Ost bis West [&hellip;]<\/p>\n","protected":false},"author":1,"featured_media":0,"parent":0,"menu_order":0,"comment_status":"closed","ping_status":"closed","template":"","meta":[],"_links":{"self":[{"href":"https:\/\/www.keramikecke-hornburg.de\/index.php?rest_route=\/wp\/v2\/pages\/35"}],"collection":[{"href":"https:\/\/www.keramikecke-hornburg.de\/index.php?rest_route=\/wp\/v2\/pages"}],"about":[{"href":"https:\/\/www.keramikecke-hornburg.de\/index.php?rest_route=\/wp\/v2\/types\/page"}],"author":[{"embeddable":true,"href":"https:\/\/www.keramikecke-hornburg.de\/index.php?rest_route=\/wp\/v2\/users\/1"}],"replies":[{"embeddable":true,"href":"https:\/\/www.keramikecke-hornburg.de\/index.php?rest_route=%2Fwp%2Fv2%2Fcomments&post=35"}],"version-history":[{"count":240,"href":"https:\/\/www.keramikecke-hornburg.de\/index.php?rest_route=\/wp\/v2\/pages\/35\/revisions"}],"predecessor-version":[{"id":668,"href":"https:\/\/www.keramikecke-hornburg.de\/index.php?rest_route=\/wp\/v2\/pages\/35\/revisions\/668"}],"wp:attachment":[{"href":"https:\/\/www.keramikecke-hornburg.de\/index.php?rest_route=%2Fwp%2Fv2%2Fmedia&parent=35"}],"curies":[{"name":"wp","href":"https:\/\/api.w.org\/{rel}","templated":true}]}}

<p></p>



<p></p>



<p></p>



<p></p>



<h4 class="has-text-align-left has-white-color has-text-color" style="font-size:28px">21. Tag der offenen Töpferei am 14. und 15. März 2026</h4>



<figure class="wp-block-image size-full is-resized"><a href="https://www.keramikecke-hornburg.de/wp-content/uploads/2025/11/Briefwerbung-2026-800x819-1.jpg"><img loading="lazy" src="https://www.keramikecke-hornburg.de/wp-content/uploads/2025/11/Briefwerbung-2026-800x819-1.jpg" alt="" class="wp-image-619" width="327" height="335"/></a></figure>



<p class="has-text-color has-large-font-size" style="color:#1f845f"></p>



<p class="has-medium-font-size"><strong>In Schale geworfen die Dritte – so toll, so vielfältig</strong></p>



<p></p>



<p class="has-medium-font-size"><strong>Aktionswochenende im März macht Lust auf Keramik<br><br></strong>Jedes Jahr am zweiten Märzwochenende können Interessierte in ihrer Region, ihrem Bundesland oder deutschlandweit auf eine keramische Entdeckungsreise gehen. Von Nord bis Süd, von Ost bis West öffnen um die 500 Töpfer:innen und Keramiker:innen zeitgleich die Türen ihrer Werkstätten und Ateliers. An beiden Tagen sind Besucher:innen herzlich willkommen, eines der ältesten Handwerke der Menschheit kennenzulernen, das brandaktuell und überraschend modern ist. Sie sind eingeladen, sich von der Wertigkeit, der Nachhaltigkeit und nicht zuletzt von der Schönheit handgearbeiteter Keramik überzeugen und begeistern zu lassen. Ob traditionell gedrehte Müslischale, stylisch designter Coffee-to-go-Becher, edel gefertigter Schmuck, fantasievoll gebaute Gartenstele oder experimentell modellierte Skulptur: Handgearbeitete Keramik liegt im Trend. Immer mehr Menschen entdecken ihre Liebe zur Keramik, bereichern und genießen ihren Alltag mit individuellen handgefertigten keramischen Produkten und freuen sich täglich über ihre tönernen Lebensbegleiter und Schätze.</p>



<p></p>



<p>Viele der teilnehmenden Töpfer:innen und Keramiker:innen haben sich nach dem großen Anklang in 2024 zum dritten Mal „in Schale geworfen“ und jeweils eigens für die Aktion eine Schale designt: Ein ganz besonderes Sammlerstück! So einzigartig wie die Teilnehmer:innen sind, so vielfältig ist das Ergebnis der „Schalenaktion 2026“. Entstanden sind die unterschiedlichsten Schalen: gedrehte und gebaute Schalen, Schalen aus Steinzeug und Porzellan, schlichte und opulente Schalen, einfarbige und mehrfarbige Schalen, Schalen zum Essen, zum Aufbewahren oder einfach zum Anschauen, Genießen – und Sammeln! Der Fantasie waren keine Grenzen gesetzt. Die Schalen dieser „Sondereditionen“ zeigen beispielhaft, wie vielfältig und zugleich einzigartig handgearbeitete Keramik heute ist.</p>



<p>2006 fand der erste „Tag der offenen Töpferei“ in NRW, Sachsen und Thüringen statt. In 2026 sind nahezu alle Bundesländer vertreten. Der „Tag der offenen Töpferei“ wird ehrenamtlich, u.a. von Innungen und Verbänden, organisiert. Die Teilnehmer:innen arbeiten hauptberuflich als Töpfer:innen, Keramiker:innen, Designer:innen oder Künstler:innen. Für viele Bundesländer liegt ein informativer Faltflyer zum 21. „Tag der offenen Töpferei“ 2026 vor. Er enthält die Adressen und Kontaktdaten aller Teilnehmer:innen sowie deren Programme. Anhand einer übersichtlichen Karte können Interessierte sich ihre ganz persönliche „Keramikroute“ zusammenstellen und somit mehrere Werkstätten und Ateliers gezielt kennenlernen. Die Faltflyer liegen schon jetzt bei den Teilnehmer:innen und in einigen Keramikmuseen zur kostenfreien Mitnahme aus oder unter <a href="http://www.tag-der-offenen-toepferei.de/">www.tag-der-offenen-toepferei.de</a> zum Download bereit. </p>



<p><strong>Wer zum Auftakt in das Keramikjahr am 14. und am 15. März 2026 auf „Keramiktour“ gehen will, informiert sich bitte unter: www.tag-der-offenen-toepferei.de Die Seite gibt Auskunft über die Angebote der Teilnehmer:innen, die Standorte ihrer Werkstätten und Ateliers, und wer von ihnen an der „Schalenaktion 2026“ teilnimmt. Weitere Informationen zum 21. „Tag der offenen Töpferei“ auch auf Facebook.</strong>&nbsp;&nbsp;&nbsp;&nbsp;&nbsp;</p>



<figure class="wp-block-image size-large is-resized"><img loading="lazy" src="https://www.keramikecke-hornburg.de/wp-content/uploads/2026/02/WhatsApp-Image-2026-01-30-at-16.06.44-768x1024.jpeg" alt="" class="wp-image-664" width="444" height="591"/></figure>



<h2>Tag der offenen Pforte 2026 &#8211; Gärten in und um Braunschweig</h2>



<p class="has-medium-font-size"><strong>05.07.2026 14-18 Uhr</strong></p>



<p class="has-normal-font-size"><br>Unser Vogel- und Insektenfreundlicher Garten lädt auf 1700qm zum entdecken und verweilen ein.<br>Eine besondere Leidenschaft gilt den Gehölzen: Seltene Arten sind mit kleinen Schildchen beschriftet und machen den Garten auch für Interessierte informativ erlebbar.<br>Inmitten blühender Pflanzen finden sich gemütliche Sitzplätze und stille Ecken. Der rund dreißigjährige Hausbaum, eine imposante Catalpa, überspannt in voller Blüte den Garten. Hinter dem Grundstück eröffnet sich der Blick zum Brocken. Ergänzt wird das Gartenerlebnis durch meine Keramikgalerie deren Ausstellung für Besucher geöffnet ist.</p>



<p></p>



<p></p>



<p></p>



<p class="has-large-font-size"><strong>Im Advent</strong>&#8230;</p>



<div class="wp-block-cover has-background-dim"><img loading="lazy" width="768" height="1024" class="wp-block-cover__image-background wp-image-623" alt="" src="https://www.keramikecke-hornburg.de/wp-content/uploads/2025/11/IMG_2749-768x1024.jpeg" data-object-fit="cover"/><div class="wp-block-cover__inner-container">
<p></p>



<p></p>



<p></p>



<p class="has-luminous-vivid-amber-color has-text-color has-medium-font-size">Herzlich willkommen zum Adventszauber </p>



<p class="has-luminous-vivid-amber-color has-text-color has-medium-font-size">in der Galerie, stimmungsvolles Stöbern, </p>



<p class="has-luminous-vivid-amber-color has-text-color has-medium-font-size">dazu warme Getränke und Gebäck.</p>



<p class="has-medium-font-size">Geöffnet nach Absprache.</p>
</div></div>



<p></p>



<p></p>



<p><em><strong><br></strong></em></p>



<h4>&nbsp;</h4>



<h4>&nbsp;</h4>

<p>21. Tag der offenen Töpferei am 14. und 15. März 2026 In Schale geworfen die Dritte – so toll, so vielfältig Aktionswochenende im März macht Lust auf Keramik Jedes Jahr am zweiten Märzwochenende können Interessierte in ihrer Region, ihrem Bundesland oder deutschlandweit auf eine keramische Entdeckungsreise gehen. Von Nord bis Süd, von Ost bis West [&hellip;]</p>
